{"id":113,"date":"2024-12-16T17:01:29","date_gmt":"2024-12-16T17:01:29","guid":{"rendered":"https:\/\/artlinecreation.com\/germany\/?post_type=product&#038;p=113"},"modified":"2024-12-24T19:31:08","modified_gmt":"2024-12-24T19:31:08","slug":"hand-woven-jute-rugs-34","status":"publish","type":"product","link":"https:\/\/artlinecreation.com\/germany\/product\/hand-woven-jute-rugs-34\/","title":{"rendered":"Handgewebte Juteteppiche"},"content":{"rendered":"","protected":false},"excerpt":{"rendered":"<p><strong>Der Teppich \u201e\u0930\u0902\u0917 \u0930\u0947\u0916\u093e\u201c (Rang Rekha)<\/strong> ist eine Hommage an lebendige Kunstfertigkeit mit verspielten Zickzackmustern in einer Reihe mehrfarbiger F\u00e4den. Vor einem warmen, neutralen Hintergrund verleihen die lebhaften Stiche in Rot, Blau, Gr\u00fcn und Gelb dem Design ein fr\u00f6hliches und dynamisches Element. Dieser Teppich verleiht jedem Raum einen Hauch von Freude und Energie und ist somit die ideale Wahl f\u00fcr Wohnr\u00e4ume, Kinderzimmer oder kreative Ecken.<br \/>\nN<\/p>\n<p>\u201e\u0930\u0902\u0917 \u0930\u0947\u0916\u093e\u201c bietet eine reizvolle Balance aus Tradition und zeitgen\u00f6ssischem Stil und verbindet handgefertigten Charme mit moderner \u00c4sthetik. Seine weiche Textur und die farbenfrohen Details machen es zu einer gem\u00fctlichen und auff\u00e4lligen Erg\u00e4nzung Ihrer Einrichtung, perfekt f\u00fcr alle, die eine verspielte und dennoch elegante Note sch\u00e4tzen.<\/p>\n","protected":false},"featured_media":257,"comment_status":"closed","ping_status":"closed","template":"","meta":[],"product_brand":[],"product_cat":[16],"product_tag":[18],"class_list":{"0":"post-113","1":"product","2":"type-product","3":"status-publish","4":"has-post-thumbnail","6":"product_cat-carpets-rugs","7":"product_tag-area-rugs-jute-rugs-home-textile-floor-covering","8":"pa_product-range-jute-kilim-rug-germany-carpets-and-rugs","9":"pa_product-range-jute-rug-germany-carpets-and-rugs","11":"first","12":"instock","13":"sold-individually","14":"shipping-taxable","15":"purchasable","16":"product-type-simple"},"_links":{"self":[{"href":"https:\/\/artlinecreation.com\/germany\/wp-json\/wp\/v2\/product\/113","targetHints":{"allow":["GET"]}}],"collection":[{"href":"https:\/\/artlinecreation.com\/germany\/wp-json\/wp\/v2\/product"}],"about":[{"href":"https:\/\/artlinecreation.com\/germany\/wp-json\/wp\/v2\/types\/product"}],"replies":[{"embeddable":true,"href":"https:\/\/artlinecreation.com\/germany\/wp-json\/wp\/v2\/comments?post=113"}],"wp:featuredmedia":[{"embeddable":true,"href":"https:\/\/artlinecreation.com\/germany\/wp-json\/wp\/v2\/media\/257"}],"wp:attachment":[{"href":"https:\/\/artlinecreation.com\/germany\/wp-json\/wp\/v2\/media?parent=113"}],"wp:term":[{"taxonomy":"product_brand","embeddable":true,"href":"https:\/\/artlinecreation.com\/germany\/wp-json\/wp\/v2\/product_brand?post=113"},{"taxonomy":"product_cat","embeddable":true,"href":"https:\/\/artlinecreation.com\/germany\/wp-json\/wp\/v2\/product_cat?post=113"},{"taxonomy":"product_tag","embeddable":true,"href":"https:\/\/artlinecreation.com\/germany\/wp-json\/wp\/v2\/product_tag?post=113"}],"curies":[{"name":"wp","href":"https:\/\/api.w.org\/{rel}","templated":true}]}}