{"id":1341,"date":"2024-12-16T18:07:53","date_gmt":"2024-12-16T18:07:53","guid":{"rendered":"https:\/\/artlinecreation.com\/germany\/?post_type=product&#038;p=1341"},"modified":"2024-12-24T19:31:47","modified_gmt":"2024-12-24T19:31:47","slug":"dhruvika-grey-striped-hand-woven-cotton-rug","status":"publish","type":"product","link":"https:\/\/artlinecreation.com\/germany\/product\/dhruvika-grey-striped-hand-woven-cotton-rug\/","title":{"rendered":"Grau gestreifter handgewebter Baumwollteppich Dhruvika"},"content":{"rendered":"<div class=\"flex-1 overflow-hidden @container\/thread\">\n<div class=\"h-full\">\n<div class=\"react-scroll-to-bottom--css -ugsry-79elbk h-full\">\n<div class=\"react-scroll-to-bottom--css-ugsry-1n7m0yu\">\n<div class=\"flex flex-col text-sm\">\n<article class=\"w-full scroll-mb-[var(--thread-trailing-height,150px)] text-token-text-primary focus-visible:outline-2 focus- sichtbar:outline-offset-[-4px]\" dir=\"auto\" data-testid=\"conversation-turn-35\" data-scroll-anchor=\"true\">\n<div class=\"m-auto text-base py-[18px] px-3 md:px-4 w-full md:px-5 lg:px-4 xl:px-5\">\n<div class=\"mx-auto flex flex -1 L\u00fccke-4 Textbasis md:l\u00fccke-5 lg:l\u00fccke-6 md:max-w-3xl lg:max-w-[40rem] xl:max-w-[48rem]\">\n<div class=\"group\/conversation-turn relative flex w-full min-w-0 flex-col agent-turn\">\n<div class =\"flex-col gap-1 md:gap-3\">\n<div class=\"flex max-w-full flex-col flex-grow\">\n<div class=\"min-h -8 SMS-Flex mit voller Flex-Spalte items-end L\u00fccke-2 Leerzeichen-normale Umbruchw\u00f6rter text-start [.text-message+&amp;]:mt-5\" dir=\"auto\" data-message-author-role=\"assistant\" data-message-id =\"95a1555f-18a5-47a9-bff5-6c51317837cd\" data-message-model-slug=\"gpt-4o\">\n<div class=\"flex w-full flex-col gap-1 empty:hidden first:pt-[3px]\">\n<div class=\"markdown prose w-full break-words dark:prose-invert light\">\n<p>Der Dhruvika Grey Striped Dhurrie aus der Woolen Rug Collection ist eine harmonische Mischung aus moderner \u00c4sthetik und traditioneller Handwerkskunst. Dieser mit Pr\u00e4zision aus hochwertiger Baumwolle handgewebte Flachgewebe-Teppich verf\u00fcgt \u00fcber sanfte Graut\u00f6ne, durchsetzt mit komplizierten und strukturierten Streifenmustern, die subtile Tiefe und Eleganz verleihen.<\/p>\n<p>Der Dhruvika Dhurrie ist ideal f\u00fcr Wohnzimmer, Schlafzimmer oder Arbeitsbereiche erg\u00e4nzt eine Vielzahl von Einrichtungsstilen und bietet einen raffinierten, aber dennoch dezenten Look. Seine leichte und langlebige Konstruktion sorgt f\u00fcr einfache Wartung und langanhaltenden Charme. Dieser Dhurrie spiegelt das Engagement von Artline Creation f\u00fcr indisch inspiriertes Design mit einem modernen Touch wider und verleiht jedem Zeitgen\u00f6ssischen eine raffinierte Note Einstellung.<\/p>\n<\/div>\n<\/div>\n<\/div>\n<\/div>\n<\/div><\/div>\n<\/div>\n<\/div>\n<\/article>\n<\/div>\n<\/div>\n<\/div>\n<\/div>\n<\/div>\n","protected":false},"excerpt":{"rendered":"<p>Ein moderner, flach gewebter Baumwoll-Dhurrie in sanften Graut\u00f6nen mit strukturierten Streifen, perfekt f\u00fcr anspruchsvolle, moderne Innenr\u00e4ume.<\/p>\n","protected":false},"featured_media":1485,"comment_status":"closed","ping_status":"closed","template":"","meta":[],"product_brand":[],"product_cat":[16],"product_tag":[108],"class_list":{"0":"post-1341","1":"product","2":"type-product","3":"status-publish","4":"has-post-thumbnail","6":"product_cat-carpets-rugs","7":"product_tag-area-carpets-cotton-rug-carpets-home-textile-floor-covering","8":"pa_product-range-cotton-rug-germany-carpets-and-rugs","10":"first","11":"instock","12":"sold-individually","13":"shipping-taxable","14":"purchasable","15":"product-type-simple"},"_links":{"self":[{"href":"https:\/\/artlinecreation.com\/germany\/wp-json\/wp\/v2\/product\/1341","targetHints":{"allow":["GET"]}}],"collection":[{"href":"https:\/\/artlinecreation.com\/germany\/wp-json\/wp\/v2\/product"}],"about":[{"href":"https:\/\/artlinecreation.com\/germany\/wp-json\/wp\/v2\/types\/product"}],"replies":[{"embeddable":true,"href":"https:\/\/artlinecreation.com\/germany\/wp-json\/wp\/v2\/comments?post=1341"}],"wp:featuredmedia":[{"embeddable":true,"href":"https:\/\/artlinecreation.com\/germany\/wp-json\/wp\/v2\/media\/1485"}],"wp:attachment":[{"href":"https:\/\/artlinecreation.com\/germany\/wp-json\/wp\/v2\/media?parent=1341"}],"wp:term":[{"taxonomy":"product_brand","embeddable":true,"href":"https:\/\/artlinecreation.com\/germany\/wp-json\/wp\/v2\/product_brand?post=1341"},{"taxonomy":"product_cat","embeddable":true,"href":"https:\/\/artlinecreation.com\/germany\/wp-json\/wp\/v2\/product_cat?post=1341"},{"taxonomy":"product_tag","embeddable":true,"href":"https:\/\/artlinecreation.com\/germany\/wp-json\/wp\/v2\/product_tag?post=1341"}],"curies":[{"name":"wp","href":"https:\/\/api.w.org\/{rel}","templated":true}]}}