{"id":1934,"date":"2024-12-16T18:30:24","date_gmt":"2024-12-16T18:30:24","guid":{"rendered":"https:\/\/artlinecreation.com\/germany\/?post_type=product&#038;p=1934"},"modified":"2024-12-24T19:32:03","modified_gmt":"2024-12-24T19:32:03","slug":"hanging-nandi-head-for-your-wall-door","status":"publish","type":"product","link":"https:\/\/artlinecreation.com\/germany\/product\/hanging-nandi-head-for-your-wall-door\/","title":{"rendered":"H\u00e4ngender Nandi-Kopf f\u00fcr Ihre Wand und T\u00fcr"},"content":{"rendered":"<p>H\u00e4ngender Nandi-Kopf f\u00fcr Ihre Wand &amp; T\u00fcr | Handgefertigtes antikes Messing-Wohndekor<\/p>\n","protected":false},"excerpt":{"rendered":"<p>H\u00e4ngender Nandi-Kopf f\u00fcr Ihre Wand &amp; T\u00fcr | Handgefertigtes antikes Messing-Wohndekor<\/p>\n","protected":false},"featured_media":2082,"comment_status":"closed","ping_status":"closed","template":"","meta":[],"product_brand":[],"product_cat":[113],"product_tag":[],"class_list":{"0":"post-1934","1":"product","2":"type-product","3":"status-publish","4":"has-post-thumbnail","6":"product_cat-dhokra-art-bell-metal","8":"first","9":"instock","10":"sold-individually","11":"shipping-taxable","12":"purchasable","13":"product-type-simple"},"_links":{"self":[{"href":"https:\/\/artlinecreation.com\/germany\/wp-json\/wp\/v2\/product\/1934","targetHints":{"allow":["GET"]}}],"collection":[{"href":"https:\/\/artlinecreation.com\/germany\/wp-json\/wp\/v2\/product"}],"about":[{"href":"https:\/\/artlinecreation.com\/germany\/wp-json\/wp\/v2\/types\/product"}],"replies":[{"embeddable":true,"href":"https:\/\/artlinecreation.com\/germany\/wp-json\/wp\/v2\/comments?post=1934"}],"wp:featuredmedia":[{"embeddable":true,"href":"https:\/\/artlinecreation.com\/germany\/wp-json\/wp\/v2\/media\/2082"}],"wp:attachment":[{"href":"https:\/\/artlinecreation.com\/germany\/wp-json\/wp\/v2\/media?parent=1934"}],"wp:term":[{"taxonomy":"product_brand","embeddable":true,"href":"https:\/\/artlinecreation.com\/germany\/wp-json\/wp\/v2\/product_brand?post=1934"},{"taxonomy":"product_cat","embeddable":true,"href":"https:\/\/artlinecreation.com\/germany\/wp-json\/wp\/v2\/product_cat?post=1934"},{"taxonomy":"product_tag","embeddable":true,"href":"https:\/\/artlinecreation.com\/germany\/wp-json\/wp\/v2\/product_tag?post=1934"}],"curies":[{"name":"wp","href":"https:\/\/api.w.org\/{rel}","templated":true}]}}