{"id":2916,"date":"2024-12-16T19:25:07","date_gmt":"2024-12-16T19:25:07","guid":{"rendered":"https:\/\/artlinecreation.com\/germany\/?post_type=product&#038;p=2916"},"modified":"2024-12-24T19:32:34","modified_gmt":"2024-12-24T19:32:34","slug":"vira-ivory-horizon-handloom-carpets","status":"publish","type":"product","link":"https:\/\/artlinecreation.com\/germany\/product\/vira-ivory-horizon-handloom-carpets\/","title":{"rendered":"Vira Ivory Horizon Handwebteppiche"},"content":{"rendered":"<div class=\"flex-1 overflow-hidden\">\n<div class=\"h-full\">\n<div class=\"react-scroll-to-bottom--css-iyfwu-79elbk h-full\">\n<div class=\"react-scroll-to-bottom--css-iyfwu-1n7m0yu\">\n<div class=\"flex flex-col text-sm\">\n<article class=\"w-full scroll-mb-[var(--thread-trailing-height,150px)] text-token-text-primary focus-visible:outline-2 focus-visible:outline -offset-[-4px]\" dir=\"auto\" data-testid=\"conversation-turn-17\" data-scroll-anchor=\"true\">\n<div class=\"m-auto text-base py-[18px] px-3 md:px-4 w-full md:px-5 lg:px-4 xl:px-5\">\n<div class=\"mx-auto flex flex-1 L\u00fccke -4 text-base md:gap-5 lg:gap-6 md:max-w-3xl lg:max-w-[40rem] xl:max-w-[48rem]\">\n<div class=\"group\/conversation-turn relative flex w-full min-w-0 flex-col agent-turn\">\n<div class=\"flex-col gap-1 md:gap-3\">\n<div class=\"flex max-w-full flex-col flex-grow\">\n<div class=\"min-h-8 text-message flex w-full flex-col items-end gap- 2 Leerzeichen \u2013 normale Umbruchw\u00f6rter \u2013 Textanfang [.text-message+&amp;]:mt-5\" dir=\"auto\" data-message-author-role=\"assistant\" data-message-id=\"4aa63cb6-1abc-4d7c-b7fd-950836bd6fe1\" data-message -model-slug=\"gpt-4o\">\n<div class=\"flex w-full flex-col gap-1 empty:hidden first:pt-[3px]\">\n<div class=\"markdown prose w-full break-words dark:prose-invert light\">\n<p>&#8220;Vira Ivory Horizon&#8221; von Artline Creation&#8217;s Die Handloom-Teppichkollektion ist ein anspruchsvoller Teppich, der moderne Wohnr\u00e4ume mit einem Hauch dezenter Eleganz aufwerten soll. Hergestellt mit der Schlaufe &amp; Dieser handgewebte Teppich mit Schnittwebtechnik verf\u00fcgt \u00fcber ein strukturiertes Streifenmuster, das seinem minimalistischen Design Tiefe verleiht.<\/p>\n<p>Die sanfte Elfenbeinfarbe sorgt f\u00fcr eine neutrale und luftige Atmosph\u00e4re und macht ihn zu einem vielseitigen St\u00fcck, das f\u00fcr Wohnzimmer, Schlafzimmer, oder jeder Raum, der eine klare und ruhige \u00c4sthetik anstrebt. \u201eVira Ivory Horizon\u201c besteht aus strapazierf\u00e4higem Polyester und vereint Funktionalit\u00e4t mit Stil und spiegelt das Engagement von Artline Creation wider, moderne Teppiche zu schaffen, die Tradition zelebrieren Handwerkskunst.<\/p>\n<\/div>\n<\/div>\n<\/div>\n<\/div>\n<\/div><\/div>\n<\/div>\n<\/div>\n<\/article>\n<\/div>\n<\/div>\n<\/div>\n<\/div>\n<\/div>\n","protected":false},"excerpt":{"rendered":"<p>Ein handgewebter Loop &amp; Geschnittener Polyesterteppich in weichem Elfenbein mit dezenten Streifenstrukturen, perfekt f\u00fcr helle, minimalistische Innenr\u00e4ume.<\/p>\n","protected":false},"featured_media":3048,"comment_status":"closed","ping_status":"closed","template":"","meta":[],"product_brand":[],"product_cat":[16],"product_tag":[163],"class_list":{"0":"post-2916","1":"product","2":"type-product","3":"status-publish","4":"has-post-thumbnail","6":"product_cat-carpets-rugs","7":"product_tag-area-carpets-handloom-carpets-home-textile-floor-covering-carpets","9":"first","10":"instock","11":"sold-individually","12":"shipping-taxable","13":"purchasable","14":"product-type-simple"},"_links":{"self":[{"href":"https:\/\/artlinecreation.com\/germany\/wp-json\/wp\/v2\/product\/2916","targetHints":{"allow":["GET"]}}],"collection":[{"href":"https:\/\/artlinecreation.com\/germany\/wp-json\/wp\/v2\/product"}],"about":[{"href":"https:\/\/artlinecreation.com\/germany\/wp-json\/wp\/v2\/types\/product"}],"replies":[{"embeddable":true,"href":"https:\/\/artlinecreation.com\/germany\/wp-json\/wp\/v2\/comments?post=2916"}],"wp:featuredmedia":[{"embeddable":true,"href":"https:\/\/artlinecreation.com\/germany\/wp-json\/wp\/v2\/media\/3048"}],"wp:attachment":[{"href":"https:\/\/artlinecreation.com\/germany\/wp-json\/wp\/v2\/media?parent=2916"}],"wp:term":[{"taxonomy":"product_brand","embeddable":true,"href":"https:\/\/artlinecreation.com\/germany\/wp-json\/wp\/v2\/product_brand?post=2916"},{"taxonomy":"product_cat","embeddable":true,"href":"https:\/\/artlinecreation.com\/germany\/wp-json\/wp\/v2\/product_cat?post=2916"},{"taxonomy":"product_tag","embeddable":true,"href":"https:\/\/artlinecreation.com\/germany\/wp-json\/wp\/v2\/product_tag?post=2916"}],"curies":[{"name":"wp","href":"https:\/\/api.w.org\/{rel}","templated":true}]}}