{"id":3014,"date":"2024-12-16T19:31:26","date_gmt":"2024-12-16T19:31:26","guid":{"rendered":"https:\/\/artlinecreation.com\/germany\/?post_type=product&#038;p=3014"},"modified":"2024-12-24T19:32:36","modified_gmt":"2024-12-24T19:32:36","slug":"hand-woven-woolen-rug-7","status":"publish","type":"product","link":"https:\/\/artlinecreation.com\/germany\/product\/hand-woven-woolen-rug-7\/","title":{"rendered":"Handgewebter Wollteppich"},"content":{"rendered":"","protected":false},"excerpt":{"rendered":"<p><strong>Der Teppich \u201e\u092a\u094d\u0930\u093e\u091a\u0940\u0928 \u0906\u092d\u093e\u201c (Prachin Abha)<\/strong> f\u00e4ngt die Essenz zeitloser Tradition mit einem modernen Touch ein. Dieser Teppich ist mit aufwendigen Motiven in sanften Pastellt\u00f6nen wie Lavendel, ged\u00e4mpftem Gold und heiterem Blau verziert und erinnert an den Charme indischer Vintage-Designs. Die zarten Muster stehen vor einem cremigen Hintergrund und schaffen so ein St\u00fcck, das jedem Raum W\u00e4rme und ein Gef\u00fchl von Tradition verleiht.<br \/>\nN<\/p>\n<p>Perfekt f\u00fcr Wohnzimmer, Schlafzimmer oder gem\u00fctliche Leseecken, \u201e\u092a\u094d\u0930\u093e\u091a\u0940\u0928 \u0906\u092d\u093e\u201c f\u00fcgt sich nahtlos in klassisch und modern ein Innenr\u00e4ume ein. Seine feine Handwerkskunst und subtile Eleganz machen ihn zu einem Statement-St\u00fcck, das das Ambiente aufwertet und eine raffinierte und anmutige Erg\u00e4nzung Ihrer Inneneinrichtung darstellt.<\/p>\n","protected":false},"featured_media":3135,"comment_status":"closed","ping_status":"closed","template":"","meta":[],"product_brand":[],"product_cat":[16],"product_tag":[17],"class_list":{"0":"post-3014","1":"product","2":"type-product","3":"status-publish","4":"has-post-thumbnail","6":"product_cat-carpets-rugs","7":"product_tag-area-rugs-woolen-kilim-rugs-home-textile-floor-covering","8":"pa_product-range-wool-kilim-germany-carpets-and-rugs","9":"pa_product-range-wool-rug-germany-carpets-and-rugs","11":"first","12":"instock","13":"sold-individually","14":"shipping-taxable","15":"purchasable","16":"product-type-simple"},"_links":{"self":[{"href":"https:\/\/artlinecreation.com\/germany\/wp-json\/wp\/v2\/product\/3014","targetHints":{"allow":["GET"]}}],"collection":[{"href":"https:\/\/artlinecreation.com\/germany\/wp-json\/wp\/v2\/product"}],"about":[{"href":"https:\/\/artlinecreation.com\/germany\/wp-json\/wp\/v2\/types\/product"}],"replies":[{"embeddable":true,"href":"https:\/\/artlinecreation.com\/germany\/wp-json\/wp\/v2\/comments?post=3014"}],"wp:featuredmedia":[{"embeddable":true,"href":"https:\/\/artlinecreation.com\/germany\/wp-json\/wp\/v2\/media\/3135"}],"wp:attachment":[{"href":"https:\/\/artlinecreation.com\/germany\/wp-json\/wp\/v2\/media?parent=3014"}],"wp:term":[{"taxonomy":"product_brand","embeddable":true,"href":"https:\/\/artlinecreation.com\/germany\/wp-json\/wp\/v2\/product_brand?post=3014"},{"taxonomy":"product_cat","embeddable":true,"href":"https:\/\/artlinecreation.com\/germany\/wp-json\/wp\/v2\/product_cat?post=3014"},{"taxonomy":"product_tag","embeddable":true,"href":"https:\/\/artlinecreation.com\/germany\/wp-json\/wp\/v2\/product_tag?post=3014"}],"curies":[{"name":"wp","href":"https:\/\/api.w.org\/{rel}","templated":true}]}}