{"id":3059,"date":"2024-12-16T19:34:26","date_gmt":"2024-12-16T19:34:26","guid":{"rendered":"https:\/\/artlinecreation.com\/germany\/?post_type=product&#038;p=3059"},"modified":"2024-12-24T19:32:38","modified_gmt":"2024-12-24T19:32:38","slug":"hand-woven-woolen-rug-16","status":"publish","type":"product","link":"https:\/\/artlinecreation.com\/germany\/product\/hand-woven-woolen-rug-16\/","title":{"rendered":"Handgewebter Wollteppich"},"content":{"rendered":"","protected":false},"excerpt":{"rendered":"<p>Der Teppich \u201e\u0927\u0942\u0938\u0930 \u092a\u091f\u094d\u091f\u0940\u201c (Dhoosar Patti) verf\u00fcgt \u00fcber ein schlankes Design mit reflektierenden Streifen in Grau und Beige, wodurch ein raffiniertes Karomuster entsteht, das perfekt f\u00fcr moderne Innenr\u00e4ume geeignet ist. Sein zur\u00fcckhaltendes und dennoch markantes Aussehen verleiht jedem Raum Tiefe und Dimension und macht ihn zu einem vielseitigen St\u00fcck f\u00fcr Wohn- oder Arbeitsbereiche. Die neutrale Palette stellt sicher, dass sie zu verschiedenen Farbschemata passt und eine stilvolle Grundlage f\u00fcr modernes Dekor bietet.<\/p>\n","protected":false},"featured_media":3176,"comment_status":"closed","ping_status":"closed","template":"","meta":[],"product_brand":[],"product_cat":[16],"product_tag":[17],"class_list":{"0":"post-3059","1":"product","2":"type-product","3":"status-publish","4":"has-post-thumbnail","6":"product_cat-carpets-rugs","7":"product_tag-area-rugs-woolen-kilim-rugs-home-textile-floor-covering","8":"pa_product-range-wool-rug-germany-carpets-and-rugs","10":"first","11":"instock","12":"sold-individually","13":"shipping-taxable","14":"purchasable","15":"product-type-simple"},"_links":{"self":[{"href":"https:\/\/artlinecreation.com\/germany\/wp-json\/wp\/v2\/product\/3059","targetHints":{"allow":["GET"]}}],"collection":[{"href":"https:\/\/artlinecreation.com\/germany\/wp-json\/wp\/v2\/product"}],"about":[{"href":"https:\/\/artlinecreation.com\/germany\/wp-json\/wp\/v2\/types\/product"}],"replies":[{"embeddable":true,"href":"https:\/\/artlinecreation.com\/germany\/wp-json\/wp\/v2\/comments?post=3059"}],"wp:featuredmedia":[{"embeddable":true,"href":"https:\/\/artlinecreation.com\/germany\/wp-json\/wp\/v2\/media\/3176"}],"wp:attachment":[{"href":"https:\/\/artlinecreation.com\/germany\/wp-json\/wp\/v2\/media?parent=3059"}],"wp:term":[{"taxonomy":"product_brand","embeddable":true,"href":"https:\/\/artlinecreation.com\/germany\/wp-json\/wp\/v2\/product_brand?post=3059"},{"taxonomy":"product_cat","embeddable":true,"href":"https:\/\/artlinecreation.com\/germany\/wp-json\/wp\/v2\/product_cat?post=3059"},{"taxonomy":"product_tag","embeddable":true,"href":"https:\/\/artlinecreation.com\/germany\/wp-json\/wp\/v2\/product_tag?post=3059"}],"curies":[{"name":"wp","href":"https:\/\/api.w.org\/{rel}","templated":true}]}}