{"id":67,"date":"2024-12-16T16:59:09","date_gmt":"2024-12-16T16:59:09","guid":{"rendered":"https:\/\/artlinecreation.com\/germany\/?post_type=product&#038;p=67"},"modified":"2024-12-24T19:31:05","modified_gmt":"2024-12-24T19:31:05","slug":"hand-woven-jute-rugs-20","status":"publish","type":"product","link":"https:\/\/artlinecreation.com\/germany\/product\/hand-woven-jute-rugs-20\/","title":{"rendered":"Handgewebte Juteteppiche"},"content":{"rendered":"","protected":false},"excerpt":{"rendered":"<p><strong>Der Teppich \u201e\u0906\u0926\u094d\u092f\u093e \u092a\u094d\u0930\u0924\u093f\u092e\u093e\u201c (Aadya Pratima)\u201c zeigt die zeitlose Sch\u00f6nheit traditioneller Motive mit einem modernen Touch. Das Design zeichnet sich durch ein zentrales Medaillon aus, das von komplizierten geometrischen Mustern in warmen Terrakotta-, sanften Salbei- und ged\u00e4mpften Elfenbeint\u00f6nen umgeben ist. Dieser wundersch\u00f6n ausgewogene Teppich vermittelt ein Gef\u00fchl von Tradition und Kunstfertigkeit und verleiht jedem Wohnraum einen Hauch von Raffinesse Texturen und das klassische Design eine einladende Atmosph\u00e4re. Seine elegante Handwerkskunst und seine harmonische Farbpalette machen ihn zur perfekten Wahl f\u00fcr alle, die Tradition mit modernem Komfort verbinden und einen wirklich faszinierenden Mittelpunkt in Ihrem Zuhause schaffen m\u00f6chten.<\/p>\n","protected":false},"featured_media":188,"comment_status":"closed","ping_status":"closed","template":"","meta":[],"product_brand":[],"product_cat":[16],"product_tag":[18],"class_list":{"0":"post-67","1":"product","2":"type-product","3":"status-publish","4":"has-post-thumbnail","6":"product_cat-carpets-rugs","7":"product_tag-area-rugs-jute-rugs-home-textile-floor-covering","8":"pa_product-range-jute-kilim-rug-germany-carpets-and-rugs","9":"pa_product-range-jute-rug-germany-carpets-and-rugs","11":"first","12":"instock","13":"sold-individually","14":"shipping-taxable","15":"purchasable","16":"product-type-simple"},"_links":{"self":[{"href":"https:\/\/artlinecreation.com\/germany\/wp-json\/wp\/v2\/product\/67","targetHints":{"allow":["GET"]}}],"collection":[{"href":"https:\/\/artlinecreation.com\/germany\/wp-json\/wp\/v2\/product"}],"about":[{"href":"https:\/\/artlinecreation.com\/germany\/wp-json\/wp\/v2\/types\/product"}],"replies":[{"embeddable":true,"href":"https:\/\/artlinecreation.com\/germany\/wp-json\/wp\/v2\/comments?post=67"}],"wp:featuredmedia":[{"embeddable":true,"href":"https:\/\/artlinecreation.com\/germany\/wp-json\/wp\/v2\/media\/188"}],"wp:attachment":[{"href":"https:\/\/artlinecreation.com\/germany\/wp-json\/wp\/v2\/media?parent=67"}],"wp:term":[{"taxonomy":"product_brand","embeddable":true,"href":"https:\/\/artlinecreation.com\/germany\/wp-json\/wp\/v2\/product_brand?post=67"},{"taxonomy":"product_cat","embeddable":true,"href":"https:\/\/artlinecreation.com\/germany\/wp-json\/wp\/v2\/product_cat?post=67"},{"taxonomy":"product_tag","embeddable":true,"href":"https:\/\/artlinecreation.com\/germany\/wp-json\/wp\/v2\/product_tag?post=67"}],"curies":[{"name":"wp","href":"https:\/\/api.w.org\/{rel}","templated":true}]}}